2/(-18). Let p(i) = -4*i**3 - i**2 - 2*i - 1. Determine p(j).
4
Let q(k) = -5*k - 18*k**2 - 22 + 19 + 19*k**2. Let y(f) = f**2 + 5*f - 9. Let j be y(-7). Calculate q(j).
-3
Let n(w) = -w - 2. Let c be 21*-3*2/(-18). Give n(c).
-9
Let t(l) = l + 2. Let k be t(0). Let r(y) = k + 2*y - 3 + 5 - 3*y. Calculate r(-4).
8
Suppose 32 = 7*o - 3. Let a be -2*3/12*-6. Let c(r) = 3 + 2*r**3 + 3 - 5*r**2 - r**a - r. Give c(o).
1
Let j(l) be the third derivative of 8*l**2 + 1/24*l**4 - 1/6*l**3 - 1/60*l**5 + 1/120*l**6 + 0*l + 0. Calculate j(2).
5
Let s(i) = -4*i**2 + i - 1. Let u(o) = -3*o**2 + 2*o - 1. Let m(g) = -2*s(g) + 3*u(g). Suppose 4*w - 25 = -w. Calculate m(w).
-6
Let m be (-82)/8 + 3/12. Let j = 8 + m. Let p(i) = -4*i - 3. What is p(j)?
5
Let z(n) be the second derivative of n**5/20 + 3*n**4/4 + 5*n**3/3 + 5*n**2 + n. Calculate z(-8).
-6
Let i(z) = z**2 - 3*z - 2*z**2 - 1 - 2*z. Let h(b) = b + 4. Let a be h(-8). Let j be (2 - (-3 - a))*-3. Give i(j).
5
Let w(i) = -i**3 + 4*i**2 + 5*i - 5. Let n be 7 + 2 - (-3)/(-1). Suppose 5 = -5*l + n*l. Suppose l*m - 20 = 5*h, -4*m = -3*m - 2*h - 3. Give w(m).
-5
Suppose -f + 1 = 4. Let t(w) = -w**3 - w**2 + 3*w - 1. Let o be t(f). Suppose -3*u = -2*i + 4*i + o, -5 = 5*i. Let q(b) = -b - 2. Determine q(u).
0
Let g(j) = 5 + 6 - 2*j - 8 - 2. What is g(-3)?
7
Let u(j) = 2*j**3 + 7*j**2 - 4*j - 4. Let p be u(-4). Let q(m) = -m**3 - 4*m**2 - m - 4. Calculate q(p).
0
Let p = -9 + 9. Let b(j) = 3*j + 6. Let z(o) = 2*o + 4. Let s(v) = -5*b(v) + 8*z(v). Give s(p).
2
Let g(p) = -p**2 - 7*p - 2. Let c be g(-6). Let i(q) = -c - 2*q + 0*q + q + 1. Calculate i(-4).
1
Let i(l) = l**3 + 4*l**2 + l - 1. Let g(j) = j**2 + 3*j - 1. Let f be g(2). Suppose -f = 3*h + 3. Give i(h).
-5
Let a(w) = -w**2 + 5*w - 4. Let k be a(4). Let u be 0 + k - (3 - 18). Suppose u = 5*i - 10. Let y(s) = s**3 - 6*s**2 + 4*s - 4. Calculate y(i).
-9
Let f(g) = -3 + 5 - 27*g + 29*g. Let k be 16/10 + (-4)/(-10). What is f(k)?
6
Suppose 2*m - 24 + 4 = 0. Suppose 6*n + m = -32. Let j(p) = -p. Calculate j(n).
7
Let w(s) be the first derivative of -s**4/4 + 4*s**3/3 + 3*s**2 - s - 58. Let q = 13 + -8. What is w(q)?
4
Let a(q) = -2*q**2 - 4*q + 4. Let k(t) = -t**2 - 2*t + 2. Let i(z) = -3*a(z) + 5*k(z). Let p(v) = v - 8. Let o be p(5). Calculate i(o).
1
Let l = 5 + -2. Let d = l + -6. Let q(w) be the first derivative of w**2 + 4*w + 1. Determine q(d).
-2
Let c(r) be the first derivative of -r**3/3 - r**2/2 - 4*r - 1. Suppose 2*u - 20 = -0. Suppose -3*o + 2*k + u = 0, -3*k = -5*o - k + 10. Calculate c(o).
-4
Let u(s) = s**2 - 9*s + 4. Let w be (-3)/(4 + -5) - -4. What is u(w)?
-10
Let k(y) be the second derivative of -y**6/360 + y**5/60 + y**4/8 + y**3/6 + 3*y. Let l(n) be the second derivative of k(n). Calculate l(-2).
-5
Let f = 176 - 181. Let o(j) = -j**3 - 6*j**2 - 2*j + 1. Give o(f).
-14
Let j(u) = 20*u + 30*u - 53*u - 3. Let g be (-2)/6 + 13/3. Calculate j(g).
-15
Let j(f) = -f + 1. Let l = -8 + 4. Let h be (l/(-6))/(8/(-12)). Determine j(h).
2
Let f(g) = -2*g**3 + g**2 + 4*g + 3. Suppose -2*u - 6 = -2. What is f(u)?
15
Let g(q) = -12*q - 5*q + 32*q - 11*q + 4. Suppose n + 5 = 28. Suppose -w = -4*u + n, 2*w - 3*u = -3*w - 30. Calculate g(w).
-8
Let g(z) = 2*z - 5. Let k(w) = w**3 - 4*w**2 - 4*w - 2. Let q be k(5). Suppose 2*c - 14 = 4*x, q*c - 13 = 4*x + 6. Give g(c).
5
Suppose -2*q = -2, 0 = 3*w - 0*w - 3*q - 3. Let k(x) be the second derivative of -1/3*x**4 - 4*x + 0*x**w - 1/6*x**3 + 0. Determine k(-1).
-3
Suppose 7 = -w - 0*w. Let n(a) = 2*a - 1. Give n(w).
-15
Let u(x) = x**2 - 8*x + 7. Let w be 10/3 + 10/(-30). Let l = 8 - w. Suppose l*i = 32 - 2. What is u(i)?
-5
Let k(x) be the first derivative of -x**4/4 - 2*x**3 - 3*x**2 - x - 1. Let d be k(-5). Let z(f) = -f - 1. Calculate z(d).
-5
Let i(v) = 6*v**3 + v + 7*v**2 - 6*v**3 + v**3 - 1. What is i(-7)?
-8
Let n(q) be the third derivative of -q**4/24 - q**3/3 + 2*q**2. Calculate n(-2).
0
Let k(m) = -m + 11. Let o be k(6). Let f(x) = -o*x + 2 - 2 - 3*x. What is f(1)?
-8
Let g(p) be the second derivative of p**5/20 + p**4/3 - 2*p**3/3 - 2*p + 5. Let i = 1 + -1. Suppose i = -y - 0*y - 5. Give g(y).
-5
Let v(i) be the second derivative of i**5/4 - i**4/12 + i**3/6 + i**2/2 + 3*i. Calculate v(-1).
-6
Let u(j) = 3 + 0 - j - 5*j - 2. Let v(h) = h. Let y = -2 + -2. Let z(r) = y*v(r) - u(r). Give z(-4).
-9
Let k(m) = -m**3 + 4*m**2 - m - 1. Let p(u) = 2*u**2 + u + 1. Let s be p(-1). Suppose -12 = -s*b - 2*b. Calculate k(b).
5
Let y = -18 + 30. Suppose -5*z + y = -z. Let t(c) = -c + 1 + 3*c**2 + 3*c - c**z - 3*c. Determine t(3).
-2
Let q(u) = -u - 1. Let a(x) = -2*x**2 + 8*x + 7. Let s(n) = a(n) + 3*q(n). Let o(v) = v**2 - 4*v - 3. Let j(k) = 4*o(k) + 3*s(k). Calculate j(-2).
-6
Let p be 9/(-12) + (-23)/(-4). Let x(j) = 5*j**2 + 10*j - 8. Let d(o) = 3*o**2 + 5*o - 4. Let h(n) = -7*d(n) + 4*x(n). Determine h(p).
-4
Let b(g) = -3*g + 4*g - 7*g. Determine b(1).
-6
Let c = 4 + -1. Let q be c*((-50)/(-6))/5. Let l(v) = -v**3 + 4*v**2 + 3*v + 7. What is l(q)?
-3
Let o = 0 + 2. Let p(k) = -3 - 3 - 2*k**o + 3*k**2 - 5*k. Calculate p(5).
-6
Let s(b) = b + 1. Let d(n) = n - 2. Let z be d(6). Suppose z*t - 3*t = 2. Calculate s(t).
3
Let x(w) = -w**2 - 8*w - 4. Let n(b) = -b**2 + 12*b - 26. Let s be n(10). Give x(s).
8
Let g(i) = -3*i**3 + 7*i**2 + 4*i + 6. Let x(z) = 2*z**3 - 7*z**2 - 3*z - 5. Let u(l) = -3*g(l) - 4*x(l). What is u(-7)?
2
Let l be 2 - (-1 - (-2 + 3)). Suppose -l*h = -3 + 11. Let m = h + 4. Let p(d) = -d**3 + 3*d**2 - 2*d + 1. Give p(m).
1
Suppose 0 = n - 0*n + 4. Let h(w) = 9*w + 9. Let t(r) = -5*r - 5. Let b(m) = n*h(m) - 7*t(m). Let f(l) = -l**3 + 13*l**2 - 13*l + 7. Let y be f(12). Give b(y).
4
Let u(l) be the third derivative of l**5/60 + l**4/8 + l**3/6 - 8*l**2. Give u(-4).
5
Let k(g) = -13*g + 1. Let l(a) = 5*a + 2. Let b be l(-2). Let n = 9 + b. Calculate k(n).
-12
Suppose -2*x + 60 = -6*x. Let j be (-6)/5*x/6. Let g(p) be the first derivative of -p**4/4 + 4*p**3/3 - p**2 - p + 3. Determine g(j).
2
Let i(q) = 17*q**3 + 10*q**2 + 3*q + 3. Let p(g) = 6*g**3 + 3*g**2 + g + 1. Let u = 7 + -5. Let z(x) = u*i(x) - 7*p(x). Let n = -53 - -52. Calculate z(n).
7
Let b be 9/(-3) + 1 + -1. Let j(o) = -o + 1. Calculate j(b).
4
Let v(n) = 4 + 1 + 198*n**2 - 202*n**2 - n**3 + 6*n. Determine v(-5).
0
Let u be (-4)/(-4 + 5 + 0). Let z(c) = c**2 + 3*c - 4. What is z(u)?
0
Suppose 7*f - 3*f = 16. Let b(i) be the second derivative of -i**4/12 + 5*i**3/6 + i**2/2 - 28*i. Calculate b(f).
5
Let x(u) be the first derivative of -5*u**2/2 + u + 46. Let b(d) = -3 + d - 2 + 6 + d**2. Let c be b(-1). Calculate x(c).
-4
Let t = 0 - -2. Let r(x) = 6*x - 2. Let k(m) = -1. Let w(u) = 12*k(u) - r(u). Let q(l) = l + 2. Let h(j) = -11*q(j) - 2*w(j). Calculate h(t).
0
Let k(l) = -l**3 - 6*l**2 - 4*l + 5. Let h = -6 - -1. Let r be k(h). Let g(d) be the third derivative of -d**6/120 - d**4/24 - 5*d**3/6 + d**2. Give g(r).
-5
Let v(t) = -t**2 - 5*t + 2. Suppose 0 = -4*j + y - 21, -5*y = 2*j + 3*j + 45. Calculate v(j).
-4
Let u = -1 + 6. Let o(w) = -u + 3 + 4 + 2*w. Let m be (-3 - 0)/(1*(-3 - -4)). What is o(m)?
-4
Suppose o - 15 = -2*f, 3*o = -f + 4 + 26. Let t(y) = y - 12. Let h be t(o). Let z(s) = s**3 + 5*s - 5*s + 1 + 3*s**2. What is z(h)?
1
Suppose -6 = -55*i + 49*i. Let s(d) be the first derivative of 4*d**3/3 - d**2 + d + 1. What is s(i)?
3
Let a be 8 - (-6)/(-3) - 0. Let v(m) = 1 + 2*m + a - 5*m + 2*m. Give v(0).
7
Let l(n) be the third derivative of n**6/60 - n**5/60 - n**4/12 + n**3/3 + n**2. Let c = 5 + -3. Give l(c).
10
Let a(g) = -5*g**2 - 17*g + 9. Suppose -3*w + 39 = 6. Let m(f) = 0 + w*f - 5 - 1 + 3*f**2. Let q(j) = 5*a(j) + 8*m(j). Determine q(2).
-1
Let u(b) = -5*b**3 + 7*b**2 + 3. Let w(i) = i**3 - i**2 - 1. Let r(t) = u(t) + 4*w(t). Let l be 3/9*-1*6. Let o be 0 - (2 + 2*l). What is r(o)?
3
Let z = 6 - 1. Let i(a) be the first derivative of -a**3/6 + 2*a**2 + 5*a + 3. Let p(n) be the first derivative of i(n). Determine p(z).
-1
Let y(c) = c**2 - 6*c - 3. Suppose 2 = -p, n + 2*p - 2 + 3 = 0. Let g be n + 0 + 0 - -3. Determine y(g).
-3
Let g(z) = -1 + 9 + 2*z + 0 - 1. Calculate g(-6).
-5
Let s(k) = 2*k + 1. Let r(o) = 2*o + 1. Let d(h) = -5*r(h) + 6*s(h). Let c(a) = a**2 - 4*a + 2. Let m be c(4). Determine d(m).
